32
Let x(z) = -z**2 + 6. Let r be ((-38)/(-76))/(-2*(-2)/(-144)). Let q = r + 21. Give x(q).
-3
Let u(y) = -121*y - 120. Let t be u(-1). Let z(x) be the second derivative of -2*x**3/3 + x. Give z(t).
-4
Suppose 0 = p - 4*g - 15 - 5, -5*p + 3*g + 15 = 0. Suppose -6 = -3*l - 3*a + 12, p = 5*l + 2*a - 21. Let k(q) = 3 + l + 3*q - 2 - 4*q. What is k(3)?
1
Let t(v) = -v**2 + 16*v - 5. Let y(w) = -2*w**2 - w - 23. Let x(c) = -c**2 + c - 2. Let m(k) = -3*x(k) + y(k). Let h be m(-4). Give t(h).
10
Let u(t) = t + 6. Let w(s) = -2*s**2 + 16*s. Let j(p) be the first derivative of -p**2/2 + 14. Let n(d) = 48*j(d) + 3*w(d). Let l be n(1). Determine u(l).
0
Let t(l) = l**3 + l**2 - l + 19. Let p be t(0). Let w = p - 19. Let m(b) = w*b + b + 24 - 27. Calculate m(4).
1
Let p(d) = -59*d + 173. Let g(o) = -20*o - 557. Let w be g(-28). What is p(w)?
-4
Let z(u) = u**2 + 8*u + 5. Suppose 124 = 7*q + 5. Suppose -q*l = 271 - 152. Give z(l).
-2
Let v be 267/39 + -3 - 4/(-26). Let b be (9 - v)/(-2 + 3). Let q(g) = 2*g - 16. Let d be q(b). Let i(j) = j + 6. Calculate i(d).
0
Let r(p) be the third derivative of -p**5/30 + 5*p**4/24 - p**3 + 92*p**2. Give r(5).
-31
Let y(x) = x**3 - 8*x**2 - x + 47. Let q = 19838 - 19831. Determine y(q).
-9
Let k(u) be the third derivative of u**6/40 - u**5/20 - u**4/12 - u**3/3 - u**2 - 666. Let w(v) = -3*v**2 - v. Let x be w(-1). Calculate k(x).
-34
Let o(v) = -14*v**3 + 18*v**2 + 5*v - 6. Let n(k) = -k**3 + 5*k**2 + 2*k - 1. Let d(w) = -4*n(w) + o(w). What is d(-1)?
9
Let u(y) = 3*y**3 - 2*y**3 + 15 + 99*y**2 + 8*y - 45*y**2 + 0*y**3 - 42*y**2. Determine u(-11).
48
Let r(z) be the second derivative of -z**5/20 - z**4/12 - 21*z**2/2 - 67*z - 2. Give r(0).
-21
Let c(n) be the first derivative of 6*n**2 - 20*n - 1589. What is c(3)?
16
Suppose 40 = 5*w + r, -5*w - 5 = -3*r - 25. Let n(s) = 8*s - 42*s - 18 + 6 + 3*s**2 - s. Let y(t) = t**2 - 12*t - 4. Let j(v) = 6*n(v) - 17*y(v). What is j(w)?
3
Let s(j) = 2*j - 3. Suppose 20*y - 14*y - 12 = 0. Let i be -1 + y + (-1 - (9 - 6)). What is s(i)?
-9
Suppose 14*f = 29*f - 15. Let r(h) = 26*h**2 + h + 1. What is r(f)?
28
Let d(b) = -9*b + 4. Let v(m) = -5*m + 25*m + 16*m - 17. Let u(w) = 9*d(w) + 2*v(w). Let h(y) = 36*y - 9. Let k(l) = -2*h(l) - 9*u(l). Determine k(1).
9
Let q(w) be the second derivative of -3 + 1/12*w**4 - 2*w**3 + 11/2*w**2 - 16*w. Determine q(9).
-16
Let t(i) = 5*i - 14. Let m = -5095 + 5102. Calculate t(m).
21
Let d(n) = -9*n - 3464*n**2 - 3468*n**2 + 2*n**3 + 10411*n**2 - 3470*n**2 - 6. What is d(-5)?
14
Let d(a) be the third derivative of -a**4/12 - a**3 + a**2. Let h(f) = 535*f**2 - 4*f + 2. Let v be h(-2). Let p = -2154 + v. What is d(p)?
2
Let g(p) be the first derivative of p**4/24 + p**3/3 - 153*p**2/2 + 129. Let z(c) be the second derivative of g(c). Calculate z(-12).
-10
Let a(f) = 2*f**2 + 5*f - 3. Suppose 139*d - 119*d + 120 = 0. What is a(d)?
39
Let c(z) = -818*z - 814*z + 14 + 1628*z. Determine c(6).
-10
Let m(y) = -y**2 - 8*y - 4. Suppose 4*g + 16 + 51 = -5*p, 3 = 3*p. Let r be g/21 + 5 + 384/(-42). Give m(r).
11
Let g(z) = -10*z**2 - 4*z + 83. Let u(q) = 3*q**2 + q - 25. Let t(i) = -2*g(i) - 7*u(i). Let w be 0/((-3)/(3 + 0)). What is t(w)?
9
Let y(h) be the third derivative of 5*h**4/24 - 35*h**3/3 - 1188*h**2. Determine y(13).
-5
Let r(j) = 2*j**2 + 148*j + 699. Let k be r(-5). Let l(b) = 26*b**2 - 232*b - 9. What is l(k)?
9
Let m(f) = -5*f**3 + 3*f**2 + f - 2. Suppose 2*p = 103 - 35. Suppose -8 = 21*x + p. Give m(x).
48
Let t(a) = -9 + 132 + 158*a - 153*a. Give t(-24).
3
Let o(s) be the second derivative of 5*s**3/6 - 32*s**2 + 3*s + 335. Determine o(13).
1
Let x(t) = -15*t + 2. Suppose -4*i = 308 - 320. Let q(o) = -13*o + 1. Let m(n) = i*x(n) - 4*q(n). Calculate m(-6).
-40
Let v(g) be the third derivative of g**6/120 - g**5/60 - 5*g**4/24 + 2*g**3/3 + 229955*g**2. Suppose -3*r + 2 = -7. Calculate v(r).
7
Let r(u) = -u**3 + 18*u**2 - 14*u - 51. Let i(m) = -9*m - 271. Let w be i(-32). Calculate r(w).
0
Suppose 159*t - 113 + 9 = 214. Let j(l) be the second derivative of 1/3*l**4 - 1/10*l**5 + 2*l + 0 - 1/2*l**2 - 1/3*l**3. Determine j(t).
-5
Let f = -6093 - -6118. Let v(z) = z**2 - 25*z + 24. Calculate v(f).
24
Let b(a) = 4*a + 1. Let q(r) = -5*r - 1. Let w(z) = b(z) + q(z). Let h(y) = y + 13. Let s(l) = -h(l) - 2*w(l). Determine s(6).
-7
Let y(t) = 9*t**2 + 43*t**2 - t - 59*t**2. Suppose -8 = -5*u - 28. Let f be (-1)/4 - (-3)/u. Calculate y(f).
-6
Let a(f) = -f**3 - 8*f**2 - 5*f + 6. Let y be ((-24)/(-10))/(4/10). Let k be ((-9)/(-6))/(y/84). Suppose -7*g + 10*g + k = 0. What is a(g)?
-8
Let k(j) be the third derivative of -j**6/360 + j**5/15 - j**4/8 + 59*j**3/3 - 67*j**2. Let c(t) be the first derivative of k(t). Determine c(9).
-12
Let j be 118 + -138 - 10/(-2). Let v(u) be the third derivative of -u**4/24 - 11*u**3/6 + 10*u**2. Determine v(j).
4
Let w(q) = q - 4*q + 5*q**2 - 2*q**2 - q**2 + 3. Let s be w(1). Let v(t) = -424*t**s + 426*t**2 + 6 + 3*t + 4*t. Calculate v(-5).
21
Let g(q) be the second derivative of -11*q**6/40 + q**4/12 - q**3/6 + 18*q**2 - 55*q. Let f(l) be the first derivative of g(l). Calculate f(1).
-32
Let s(q) = -7*q**2 + 8*q + 10. Let u(o) = 11*o**2 - 12*o - 16. Suppose 0 = -6*m + 32*m - 208. Let v(f) = m*s(f) + 5*u(f). Give v(4).
0
Let u(p) = -17*p**3 + 43*p**2 - 7*p - 37. Let w(z) = 10*z**3 - 22*z**2 + 5*z + 19. Let m(f) = -3*u(f) - 5*w(f). Determine m(19).
-60
Let q(o) = -1200 + 2*o + 600 + 603. Determine q(-2).
-1
Let c(j) = -96*j**2 - 5*j - 4. Suppose -13*a + 3*a = -5*r + 5, 0 = 4*a + 5*r + 9. Determine c(a).
-95
Let o(r) = r**2 - 23*r + 48. Let g be ((-42)/18)/(-7) - (-186)/9. Let q be o(g). Let l(p) = -p**2 + 7*p + 5. Give l(q).
11
Let p(w) = 3*w + 1. Let l(z) = 3*z - 2. Let a(f) = f - 1. Let k(o) = 3*a(o) + l(o). Let v(y) = -k(y) + 3*p(y). Determine v(0).
8
Let x(h) = -2 - 6 - 3*h + 3. Let o = -211 - -148. Let k be ((-12)/(-10))/(o/210). Determine x(k).
7
Let w(n) = n**2 - 34*n + 293. Let g be w(15). Let i(s) = s**3 - 7*s**2 - 9*s + 17. Calculate i(g).
9
Suppose -5*a - 54 = 4*a. Let p(t) be the third derivative of -t**4/8 - 4*t**3/3 - 2*t**2 + 2*t. Calculate p(a).
10
Let w = 3 - -2. Suppose 3*q + 4*t - 7 = -5, t + 1 = 0. Let r(c) = 2*c**2 - c + 8 + q*c**2 - w*c**2. What is r(0)?
8
Let x(f) = 3*f**2 + f - 4. Let l be 686/294*12/(-14). Give x(l).
6
Let n(i) = -4*i**3 + 14*i**2 - 16*i + 4. Let b(c) = -10*c**2 - 11*c - 17*c**2 - 9 + 9*c**3 + 43*c. Let a(m) = 3*b(m) + 7*n(m). What is a(16)?
1
Let k(p) = 8*p - 37. Let v be k(5). Let y(l) = -10 + 6*l**2 - 18*l**v - 14*l**3 + 31*l**3 + 7*l. What is y(7)?
-10
Let a be (-1 + (-38)/(-10))*360/(-144). Let s(q) = -q**3 - 6*q**2 - 9*q - 10. Determine s(a).
102
Let l(j) = -12*j - 6. Suppose 6*w = -14 - 10. Let x(v) = -6*v - 3. Let n(p) = w*l(p) + 9*x(p). What is n(-3)?
15
Let z(w) = -w**3 - 3*w**2 + w + 4. Suppose 5*j = -7*m + 5*m - 16, -5*m - 13 = -j. Let c be z(m). Let b(t) = 14*t**3 - t**2 + t - 1. Determine b(c).
13
Suppose -6*j + 45 - 9 = 0. Let v(m) be the second derivative of -3*m + 1/20*m**5 - 1/3*m**3 + 0 - 1/2*m**4 - 4*m**2. Give v(j).
-20
Let u = -13230 + 13245. Let c(j) = -j**3 + 16*j**2 - 19*j + 61. What is c(u)?
1
Let j(n) be the first derivative of -3*n**2/2 - 3*n + 1832. Let g be 4 + -6 - -4*2. Let s = 12 - g. Give j(s).
-21
Let f(b) = b**3 - 3*b**2 - 2*b - 4. Let m(i) = -i**2 - i - 1. Let k(n) = f(n) - 2*m(n). Suppose -31*y + 30 + 249 = 0. Let o be (68 - -4)/y + -8. Calculate k(o).
-2
Let k(x) = -x**3 - x**2 - 11. Let z = 62 - 59. Suppose 5*r + 5*u + 25 = 0, -6*r = -z*r - 5*u - 25. Suppose -5*m = r, 5*t + 2*m = -0*t. Calculate k(t).
-11
Let b(i) be the second derivative of 37*i**6/120 + i**5/60 + i**4/24 + 28*i**2 + 5*i. Let l(t) be the first derivative of b(t). Determine l(-1).
-37
Let i(g) = 74*g + 7104. Let k be i(-96). Let d(z) = z - 37. Determine d(k).
-37
Let i(o) = -9*o**2 - 2*o - 1. Let v be i(-1). Let w(l) = -3*l - 25. Let r(a) = 36 + 22 - 50 + a. Let s(q) = -8*r(q) - 3*w(q). Calculate s(v).
3
Let t be (-425)/(-34) - 16 - (-39)/2. Let p(k) be the first derivative of t*k + 1/2*k**2 - 1/3*k**3 + 12. Give p(0).
16
Let j(h) = h**2 + 9*h - 1. Let x = 6066 - 6072. Determine j(x).
-19
Suppose 0 = -31*f + 29*f + 26. Suppose -2*k - 2*k = -5*p - 5, -2*k - p + f = 0. Supp